 the greatest common divisor of 69 and 207.
69
What is the greatest common factor of 40 and 40?
40
Calculate the greatest common factor of 164 and 41.
41
Calculate the highest common divisor of 13 and 7.
1
Calculate the highest common factor of 20 and 220.
20
Calculate the highest common divisor of 1003 and 85.
17
Calculate the highest common factor of 292 and 657.
73
What is the greatest common divisor of 48 and 816?
48
What is the highest common factor of 2086 and 28?
14
Calculate the greatest common divisor of 23998 and 142.
142
Calculate the greatest common divisor of 406 and 140.
14
Calculate the highest common factor of 63 and 273.
21
What is the greatest common divisor of 56 and 14?
14
What is the greatest common factor of 1053 and 648?
81
What is the greatest common factor of 54 and 54?
54
What is the highest common factor of 1372 and 980?
196
What is the highest common divisor of 144 and 80?
16
Calculate the highest common divisor of 2923 and 37.
37
What is the greatest common factor of 6783 and 153?
51
Calculate the greatest common divisor of 58 and 2465.
29
Calculate the greatest common divisor of 20 and 15.
5
What is the highest common divisor of 48 and 21?
3
Calculate the highest common divisor of 3 and 172.
1
Calculate the greatest common divisor of 1312 and 112.
16
Calculate the highest common factor of 270 and 6345.
135
Calculate the highest common factor of 48 and 96.
48
What is the highest common factor of 7 and 1?
1
Calculate the highest common divisor of 360 and 1368.
72
What is the highest common divisor of 513 and 19?
19
What is the greatest common divisor of 8843 and 37?
37
Calculate the greatest common factor of 25 and 126275.
25
What is the highest common factor of 6806 and 996?
166
What is the highest common factor of 27 and 2889?
27
What is the highest common factor of 10498 and 362?
362
What is the greatest common divisor of 14 and 7?
7
What is the highest common divisor of 160 and 265?
5
Calculate the greatest common factor of 140 and 25.
5
Calculate the highest common factor of 37 and 21719.
37
Calculate the greatest common divisor of 42 and 48.
6
Calculate the greatest common factor of 21 and 1737.
3
What is the highest common divisor of 108 and 9288?
108
Calculate the greatest common factor of 2 and 19.
1
What is the highest common divisor of 312 and 5424?
24
What is the greatest common divisor of 143 and 11?
11
What is the highest common divisor of 124 and 589?
31
Calculate the highest common divisor of 902 and 328.
82
What is the greatest common divisor of 406 and 42?
14
What is the highest common factor of 2150 and 86?
86
What is the highest common divisor of 1615 and 5?
5
Calculate the highest common divisor of 208 and 64688.
208
Calculate the greatest common divisor of 6 and 192.
6
What is the highest common divisor of 864 and 416?
32
What is the greatest common factor of 26 and 6032?
26
What is the highest common divisor of 210 and 84?
42
Calculate the highest common divisor of 9117 and 18.
9
What is the highest common divisor of 269 and 20?
1
Calculate the greatest common factor of 572 and 836.
44
Calculate the greatest common factor of 134 and 670.
134
Calculate the highest common factor of 639 and 142.
71
Calculate the greatest common divisor of 288 and 9.
9
Calculate the highest common divisor of 904 and 376.
8
What is the greatest common divisor of 2 and 62?
2
What is the highest common divisor of 255 and 4420?
85
Calculate the highest common factor of 29 and 1247.
29
Calculate the highest common divisor of 39 and 2691.
39
What is the greatest common divisor of 8 and 32?
8
What is the greatest common factor of 13 and 8333?
13
Calculate the highest common divisor of 2400 and 260.
20
Calculate the greatest common factor of 19 and 1957.
19
Calculate the highest common divisor of 5290 and 46.
46
What is the greatest common factor of 336 and 12?
12
Calculate the greatest common factor of 444 and 5550.
222
Calculate the highest common factor of 375 and 50.
25
Calculate the highest common factor of 57327 and 194.
97
What is the highest common factor of 42 and 672?
42
Calculate the greatest common factor of 1112 and 32.
8
Calculate the highest common factor of 2 and 94.
2
Calculate the highest common factor of 39 and 676.
13
Calculate the highest common factor of 1645 and 315.
35
What is the highest common divisor of 338 and 39?
13
Calculate the greatest common divisor of 5 and 2245.
5
Calculate the greatest common divisor of 105 and 35.
35
What is the highest common divisor of 100 and 80?
20
Calculate the highest common factor of 16 and 256.
16
Calculate the highest common divisor of 35 and 80.
5
Calculate the greatest common factor of 54 and 594.
54
What is the highest common divisor of 39 and 91?
13
What is the highest common divisor of 256 and 1408?
128
What is the greatest common factor of 4962 and 12?
6
What is the greatest common divisor of 477 and 689?
53
Calculate the highest common divisor of 128 and 96.
32
Calculate the greatest common divisor of 10241 and 1330.
133
What is the greatest common factor of 3808 and 119?
119
What is the greatest common divisor of 213 and 15?
3
What is the highest common divisor of 621 and 27?
27
Calculate the greatest common divisor of 90 and 3708.
18
What is the highest common divisor of 504 and 56?
56
Calculate the highest common factor of 650 and 400.
50
Calculate the greatest common factor of 24 and 204.
12
Calculate the highest common factor of 826 and 177.
59
What is the greatest common divisor of 2884 and 618?
206
What is the highest common factor of 218 and 6?
2
What is the highest common divisor of 610 and 1769?
61
What is the greatest common divisor of 11097 and 137?
137
Calculate the greatest common factor of 1548 and 60.
12
What is the highest common factor of 6129 and 135?
27
What is the highest common factor of 68 and 1156?
68
What is the greatest common divisor of 210 and 357?
21
What is the highest common divisor of 2944 and 92?
92
What is the greatest common factor of 1 and 32?
1
What is the greatest common factor of 494 and 8?
2
Calculate the greatest common factor of 21 and 5061.
21
Calculate the highest common divisor of 15 and 195.
15
What is the greatest common divisor of 91 and 14?
7
What is the highest common factor of 25 and 2825?
25
Calculate the highest common divisor of 12 and 5196.
12
What is the highest common divisor of 3379 and 62?
31
Calculate the greatest common divisor of 540 and 450.
90
What is the highest common factor of 180 and 1440?
180
What is the highest common factor of 40 and 2024?
8
What is the greatest common divisor of 32832 and 128?
64
Calculate the greatest common divisor of 117 and 6513.
39
What is the highest common factor of 5978 and 122?
122
What is the highest common divisor of 185 and 30?
5
Calculate the greatest common divisor of 350 and 70.
70
Calculate the greatest common divisor of 12 and 92.
4
What is the highest common factor of 33 and 286?
11
Calculate the highest common divisor of 94 and 42.
2
What is the highest common divisor of 56 and 3206?
14
Calculate the highest common divisor of 50 and 270.
10
Calculate the highest common divisor of 1498 and 112.
14
What is the highest common factor of 6 and 96?
6
Calculate the highest common factor of 1830 and 244.
122
What is the greatest common divisor of 41 and 7093?
41
Calculate the greatest common factor of 21475 and 25.
25
What is the highest common factor of 50534 and 22?
22
Calculate the greatest common divisor of 72 and 712.
8
What is the highest common factor of 1002 and 15698?
334
What is the greatest common divisor of 1003 and 1121?
59
What is the highest common factor of 1118 and 86?
86
Calculate the highest common divisor of 117 and 13.
13
Calculate the highest common divisor of 4087 and 122.
61
What is the greatest common divisor of 112 and 49?
7
Calculate the highest common factor of 846 and 288.
18
What is the greatest common factor of 6610 and 10?
10
What is the highest common divisor of 64 and 8?
8
What is the highest common divisor of 165 and 420?
15
Calculate the highest common factor of 1161 and 215.
43
What is the highest common factor of 5757 and 57?
57
Calculate the highest common factor of 98 and 1694.
14
Calculate the greatest common 